{"id":2816,"date":"2024-07-17T08:54:22","date_gmt":"2024-07-17T08:54:22","guid":{"rendered":"https:\/\/reinadetarot.cl\/?post_type=product&#038;p=2816"},"modified":"2025-04-13T07:19:37","modified_gmt":"2025-04-13T07:19:37","slug":"incienso-sandalo","status":"publish","type":"product","link":"https:\/\/reinadetarot.cl\/index.php\/product\/incienso-sandalo\/","title":{"rendered":"Incienso Sandalo"},"content":{"rendered":"<p>Proviene del \u00e1rbol de s\u00e1ndalo, funciona para eliminar malas energ\u00edas como la falsedad, el enga\u00f1o y la mentira que pueden cargar negativamente tu hogar. Su aroma dulce, suave y amaderado induce a la relajaci\u00f3n y a la calma, favorece el pensamiento positivo, la claridad, ayuda a la concentraci\u00f3n y potencia la memoria.<br \/>\nCaja individual de 20 varitas.<\/p>\n","protected":false},"excerpt":{"rendered":"<p>Caja individual de 20 varitas.<br \/>\nAtrae Buena Energ\u00eda.<\/p>\n","protected":false},"featured_media":2809,"comment_status":"open","ping_status":"closed","template":"","meta":{"_monsterinsights_skip_tracking":false,"_monsterinsights_sitenote_active":false,"_monsterinsights_sitenote_note":"","_monsterinsights_sitenote_category":0},"product_cat":[64],"product_tag":[66,68,69,75,76,74,65,70,67],"aioseo_notices":[],"_links":{"self":[{"href":"https:\/\/reinadetarot.cl\/index.php\/wp-json\/wp\/v2\/product\/2816"}],"collection":[{"href":"https:\/\/reinadetarot.cl\/index.php\/wp-json\/wp\/v2\/product"}],"about":[{"href":"https:\/\/reinadetarot.cl\/index.php\/wp-json\/wp\/v2\/types\/product"}],"replies":[{"embeddable":true,"href":"https:\/\/reinadetarot.cl\/index.php\/wp-json\/wp\/v2\/comments?post=2816"}],"wp:featuredmedia":[{"embeddable":true,"href":"https:\/\/reinadetarot.cl\/index.php\/wp-json\/wp\/v2\/media\/2809"}],"wp:attachment":[{"href":"https:\/\/reinadetarot.cl\/index.php\/wp-json\/wp\/v2\/media?parent=2816"}],"wp:term":[{"taxonomy":"product_cat","embeddable":true,"href":"https:\/\/reinadetarot.cl\/index.php\/wp-json\/wp\/v2\/product_cat?post=2816"},{"taxonomy":"product_tag","embeddable":true,"href":"https:\/\/reinadetarot.cl\/index.php\/wp-json\/wp\/v2\/product_tag?post=2816"}],"curies":[{"name":"wp","href":"https:\/\/api.w.org\/{rel}","templated":true}]}}