{"id":3091,"date":"2024-08-06T18:19:06","date_gmt":"2024-08-06T18:19:06","guid":{"rendered":"https:\/\/reinadetarot.cl\/?post_type=product&#038;p=3091"},"modified":"2025-06-05T17:53:10","modified_gmt":"2025-06-05T17:53:10","slug":"pulsera-roja-de-proteccion","status":"publish","type":"product","link":"https:\/\/reinadetarot.cl\/index.php\/product\/pulsera-roja-de-proteccion\/","title":{"rendered":"Pulsera roja de protecci\u00f3n"},"content":{"rendered":"<p data-start=\"129\" data-end=\"190\"><strong data-start=\"129\" data-end=\"190\">Pulsera Roja de Protecci\u00f3n \u2013 Amuleto de energ\u00eda ancestral<\/strong><\/p>\n<p data-start=\"192\" data-end=\"514\">Esta pulsera roja no es solo un accesorio, es un poderoso escudo energ\u00e9tico inspirado en tradiciones ancestrales de diversas culturas, como la cabal\u00edstica, la gitana y la andina. El color rojo ha sido utilizado durante siglos como s\u00edmbolo de fuerza vital, protecci\u00f3n contra el mal de ojo y conexi\u00f3n con la ra\u00edz espiritual.<\/p>\n<p data-start=\"516\" data-end=\"839\">Tejida con intenci\u00f3n, esta pulsera act\u00faa como un talism\u00e1n que ayuda a bloquear energ\u00edas densas, envidias, chismes y vibraciones negativas que puedan afectar tu \u00e1nimo o tu camino. Al llevarla en tu mu\u00f1eca izquierda \u2014el lado por donde entra la energ\u00eda\u2014 est\u00e1s invitando a la protecci\u00f3n divina y reafirmando tu confianza en ti.<\/p>\n<p data-start=\"841\" data-end=\"1070\">Ideal para personas altamente sensibles, trabajadores espirituales, ni\u00f1os, o quienes est\u00e1n pasando por momentos de vulnerabilidad. Puedes intencionarla al momento de ponerla, repitiendo una afirmaci\u00f3n o una oraci\u00f3n de protecci\u00f3n.<\/p>\n<p data-start=\"1072\" data-end=\"1181\">\u2728 <em data-start=\"1074\" data-end=\"1181\">Usarla es elegir proteger tu luz. Regalarla, es enviar un abrazo invisible de cuidado y energ\u00eda positiva.<\/em><\/p>\n","protected":false},"excerpt":{"rendered":"<p>Pulsera roja de protecci\u00f3n<\/p>\n","protected":false},"featured_media":3092,"comment_status":"open","ping_status":"closed","template":"","meta":{"_monsterinsights_skip_tracking":false,"_monsterinsights_sitenote_active":false,"_monsterinsights_sitenote_note":"","_monsterinsights_sitenote_category":0},"product_cat":[91],"product_tag":[66,69,70,79],"aioseo_notices":[],"_links":{"self":[{"href":"https:\/\/reinadetarot.cl\/index.php\/wp-json\/wp\/v2\/product\/3091"}],"collection":[{"href":"https:\/\/reinadetarot.cl\/index.php\/wp-json\/wp\/v2\/product"}],"about":[{"href":"https:\/\/reinadetarot.cl\/index.php\/wp-json\/wp\/v2\/types\/product"}],"replies":[{"embeddable":true,"href":"https:\/\/reinadetarot.cl\/index.php\/wp-json\/wp\/v2\/comments?post=3091"}],"wp:featuredmedia":[{"embeddable":true,"href":"https:\/\/reinadetarot.cl\/index.php\/wp-json\/wp\/v2\/media\/3092"}],"wp:attachment":[{"href":"https:\/\/reinadetarot.cl\/index.php\/wp-json\/wp\/v2\/media?parent=3091"}],"wp:term":[{"taxonomy":"product_cat","embeddable":true,"href":"https:\/\/reinadetarot.cl\/index.php\/wp-json\/wp\/v2\/product_cat?post=3091"},{"taxonomy":"product_tag","embeddable":true,"href":"https:\/\/reinadetarot.cl\/index.php\/wp-json\/wp\/v2\/product_tag?post=3091"}],"curies":[{"name":"wp","href":"https:\/\/api.w.org\/{rel}","templated":true}]}}